 Let b(c) be the third derivative of z(c). What is b(8)?
4
Let b(a) = 45*a**2 + 83*a - 111. Let k(l) = -16*l**2 - 28*l + 37. Let i(c) = -6*b(c) - 17*k(c). What is i(9)?
1
Let y(n) = -3*n - 5 + n**3 - 5*n**2 + 3 + 2*n - 4*n. Let w be y(6). Let q(k) be the first derivative of -k**4/4 + 4*k**3/3 - k**2/2 - k + 247. Give q(w).
-5
Let w = 17 - 14. Suppose -3*g - 3*j = 6, -w*g + 5*j + 6 + 20 = 0. Let k(z) = z**3 - z - 2. Give k(g).
4
Let s(l) = 3*l - 35. Suppose 7*t = 32 + 45. Give s(t).
-2
Let g(i) = i**2 + 4*i - 2. Let j(u) = -4*u + 11. Let l be j(-4). Let h be ((-9)/(-4))/(l/108). Suppose -8*c - 33 = -h. What is g(c)?
-5
Let v be -3 + (1*-1 - 339/3). Let u = v + 117. Let f(r) = r**3 + r**2 - r + 7. What is f(u)?
7
Let b(c) = -6*c**3 - 71*c**2 + 4*c + 116. Let l(h) = -5*h**3 - 57*h**2 + 3*h + 93. Let m(n) = 9*b(n) - 11*l(n). Give m(9).
-195
Suppose -708*d = -733*d + 100. Let z(y) be the second derivative of 5/6*y**3 + 0 + 1/12*y**d + 28*y - 5*y**2. Give z(-7).
4
Suppose 64*b - 900 = 59*b. Let v(y) = 58*y**2 - 10 + 62*y**2 - b*y**2 + 59*y**2. What is v(0)?
-10
Let h(p) = p + 350. Let o(k) = 81. Let z(u) = -2*h(u) + 9*o(u). Give z(15).
-1
Suppose 258 + 378 = -34*i + 140*i. Let d(o) be the third derivative of o**6/120 - o**5/10 + 7*o**3/6 - o**2. Give d(i).
7
Let i(l) be the second derivative of -l**4/12 - l**3/6 + l**2 + 260*l + 2. Give i(7).
-54
Let z = 45 + -39. Let a(c) = -2*c**2 + 13*c - 4. Let u be a(z). Let o be 8 - 1 - 6/u. Let i(d) = -d**2 + 2*d + 4. What is i(o)?
-4
Let p(n) = -n**3 - 5*n**2 - n. Let r(b) = -16*b - 87. Let t be r(-10). Suppose 18 = 11*y + t. What is p(y)?
5
Let y(t) = -4 - 4*t + 5*t - t**2 - t**2 + 4*t. Let z(d) = d**2 + 9*d + 3. Let v be 1/(-2)*(-6 + 24). Let k be z(v). What is y(k)?
-7
Let u(q) = 15*q - 21. Let z(c) = -8*c + 11. Suppose 9*h - 770 = -2*h. Let g = -64 + h. Let v(p) = g*u(p) + 11*z(p). Determine v(5).
5
Let p(r) = r**3 - 19*r**2 - 4*r + 73. Let s(a) = 18*a + 127. Let l be s(-6). Determine p(l).
-3
Let w(a) be the third derivative of 0*a + 1/24*a**4 - 49*a**2 + 1/30*a**5 + 0 - 1/120*a**6 + 0*a**3. Give w(3).
-6
Let t(w) be the first derivative of -w**3/3 + 9*w**2/2 - 9*w + 35. Suppose -5*g - 81 = -376. Let r = g + -51. What is t(r)?
-1
Let l(n) = -n**2 + 42*n - 72. Let j be l(40). Let r(c) = 2 + 5*c + 7*c + c - 22*c + c**2. Determine r(j).
-6
Suppose -w = 3*x + 7 + 1, 2*x + 6 = 0. Suppose -3*z - 2*i + 27 = 0, i + 3*i + w = -z. Let m(b) = b**2 - 9*b - 13. Determine m(z).
9
Let u(d) be the third derivative of 1/120*d**6 + 2/3*d**3 + 11/60*d**5 + 2*d**2 - 8 + 0*d + 11/24*d**4. Determine u(-10).
-6
Let a(i) = -i**2 - 8*i + 349. Let f be a(15). Let w(o) be the first derivative of o**2 + 2*o**3 - 1/4*o**f - 9*o - 3. Calculate w(6).
3
Suppose 4*z - a - 41 = 0, 5*z - 7*a + 12*a - 20 = 0. Let q(i) = 2*i + 0 - 14 + 3. Give q(z).
7
Suppose u + 3 = 2*u. Let v(k) = 30*k**2 - 4*k + 3*k - 66*k**2 + 35*k**2. Let a(f) = -3*f**2 - 2*f + 1. Let j(b) = 4*a(b) - 11*v(b). Give j(u).
4
Let a(t) = 5*t + 10. Let s be a(5). Let q = -238 + 268. Let n = s - q. Let d(l) = -l**3 + 4*l**2 + 5*l - 5. What is d(n)?
-5
Let x(f) = 170*f - 5*f**3 - f**3 - 171*f + 5*f**3 + 21. Determine x(0).
21
Let p be 10/(-30) + (40/6)/(-4) + 2. Let j(d) = -d - 6. Calculate j(p).
-6
Let w(f) = -15*f + 1. Let u(g) = -31*g + 5. Let o(x) = -4*u(x) + 9*w(x). Give o(-3).
22
Let m(i) = -57*i + 177. Let k be m(3). Let f(s) = 2*s**2 - 9*s + 11. Determine f(k).
29
Suppose -558 + 694 = -17*y. Let s(r) = -2*r - 15. Give s(y).
1
Let l = 2270 - 2265. Let n(p) = 3*p**2 - 15*p - 6. What is n(l)?
-6
Let s(o) = o**3 - 9*o**2 + 8*o + 3. Let i be s(8). Let n(p) = -5*p + p + i*p - 17. Let t = 467 - 478. What is n(t)?
-6
Suppose -2*q + 2 = 2*r, 5*q + 2*r = 3 + 5. Let j(z) = 1 - 22*z**2 - 3 + 24*z**q. Suppose 18 = 4*g + 5*g. Give j(g).
6
Suppose 0 = 28*u - 31*u + 120. Let y(o) = -u + o - 3*o - 6*o + 4*o. Let f be y(-10). Let r(z) = -z + 14. Give r(f).
14
Suppose g - 49 = -22. Let m = 6 - 31. Let o = m + g. Let h(v) = 4*v. What is h(o)?
8
Let i(x) = 4*x - 1. Let g be 6/(6/3 - 4) - -98. Let h = -92 + g. Suppose -4 + 7 = h*c. Calculate i(c).
3
Let y(p) = p. Let m(h) = 11*h - 54. Let z(t) = m(t) + 3*y(t). Let r(w) = 5*w - 18. Let o(j) = -8*r(j) + 3*z(j). Give o(7).
-4
Let z = -21 + 150. Let s(g) = 85*g + 1 - 249*g + z*g. What is s(-1)?
36
Let k(i) be the second derivative of i**5/20 - 5*i**4/6 + 2*i**3 - 3*i**2 - 2777*i. What is k(8)?
-38
Let v = -107 - -109. Let j(k) = -8*k**2 + 2*k**2 - 3*k - k + 5*k**v. Let y = -129 + 126. Give j(y).
3
Let v(p) = 40*p + 2*p**2 - 23*p - 14*p - 2*p**2 + p**2 - 5. Let f(g) = -g**2 - 3*g + 4. Let j(n) = 4*f(n) + 5*v(n). Give j(-4).
-5
Let g(n) be the first derivative of 19*n**4/4 - n**3/3 + n - 2. Suppose -23 = 3*r + 354*u - 350*u, -u = r + 6. Determine g(r).
-19
Let n(o) = o**2 - 7*o + 12. Suppose k + 9 = 44 - 22. Determine n(k).
90
Let m(b) = -9*b**2 + 40*b. Let x be (6 - 16)/(25 + -27). Determine m(x).
-25
Let i(o) be the third derivative of 1/20*o**5 + 2 + 0*o + 1/24*o**4 - 1/3*o**3 + 23*o**2. Calculate i(1).
2
Let a(y) be the third derivative of y**6/120 + y**5/15 - 29*y**4/24 + 17*y**3/6 + 8*y**2 + 191. Calculate a(-8).
-7
Let k be 8/20 - (-6)/10. Let m(t) be the second derivative of -11*t + 1/6*t**3 + 1/2*t**2 + 0. Give m(k).
2
Let l(i) = -2*i - 80*i**2 - 7 - 83*i**2 - 19 + 164*i**2. Calculate l(0).
-26
Suppose 0*w + 24 = -8*w. Let c(q) = 51*q**3 + 2*q**2 - 7*q**2 - 3 - 4*q - 115*q**3 + 63*q**3. Give c(w).
-9
Let h be (-2)/(-9) + 94/(-18). Let y(j) = 9*j**2 + 47*j + 84. Let k(a) = -8*a**2 - 42*a - 74. Let f(x) = -8*k(x) - 7*y(x). Determine f(h).
-6
Let g be 1/1 + (-21)/3. Let q(x) be the second derivative of x**4/12 + 4*x**3/3 + 6*x**2 + 70066*x. Give q(g).
0
Suppose j = 3*t - 75, t + 3*j = 2*t - 25. Let d(q) = q**2 - 22*q - 22. What is d(t)?
53
Let k be -21*1/28*20. Let t(f) = f**3 + 16*f**2 + 18*f + 26. What is t(k)?
-19
Let d be 1/(4/(-36)*3). Let v(a) = 3*a**2 - 33*a - 3. Let p be v(11). Let i be d - 4/30*p*5. Let j(l) = -8*l**3. Give j(i).
8
Let t(z) = -4*z**2 + 34*z - 472. Let r(o) = 11*o**2 - 105*o + 1415. Let w(c) = 5*r(c) + 14*t(c). Give w(8).
11
Let r(u) be the first derivative of -7*u**2/2 - 51*u - 3502. Determine r(-15).
54
Let s be 1*3/6*-16*-1. Suppose 0 = -4*j + 2*h - s, -9*j = -4*j + 5*h + 40. Let d(t) = t + 7. Determine d(j).
3
Let b(y) = -y - 5*y + 10*y + 3*y**2 + 20. Let p(r) = 8*r**2 + 11*r + 60. Let x be (20/15*-2)/(10/15). Let k(v) = x*p(v) + 11*b(v). Determine k(0).
-20
Let c(x) = x**3 - 2*x**2 - 2. Let z(a) = -2*a - 129. Let j be z(29). Let m = -185 - j. What is c(m)?
-2
Let b(r) be the third derivative of 1/20*r**5 + 1/24*r**4 - 1/120*r**6 + 56*r**2 + 0 + 2/3*r**3 + 0*r. Determine b(3).
7
Let k(r) = -42*r - 7. Let a(t) = -132*t - 18. Let g(o) = 5*a(o) - 16*k(o). Determine g(-2).
-2
Let h = 55 - -78. Let t = 147 - h. Let a(n) = n - 8. Determine a(t).
6
Let c(g) be the first derivative of 18 + 3/2*g**2 - 26*g. Let a be c(10). Let z(y) = -y**3 + 5*y**2 - 2*y - 4. Determine z(a).
4
Suppose 0 = -o + a + 2*a - 8, -3*o + 3*a = 0. Suppose -3*f + d + 1 = -0*f, 2*f - o*d - 14 = 0. Let k(m) = -10*m. Determine k(f).
10
Let h(l) = -l**2 + 4. Suppose 2*q - 2*u = 26, 0 = -q + 3*q + 2*u - 14. Let g(x) = -15*x + 2 + 18 + x**2 + 3*x - 3. Let y be g(q). Calculate h(y).
-5
Let p(f) be the first derivative of f**3/3 - 33*f**2/2 + 17*f - 372. What is p(32)?
-15
Let u(d) = -d**3 + 13*d**2 - 23*d + 8. Let q be -55*(-5 + 13 + 328/(-40)). Calculate u(q).
-3
Let z(d) = 4*d**3 + 99*d**2 + 65*d - 172. Let v be z(-24). Let u(m) = -m**3 - 3*m**2 + 13*m + 16. Give u(v).
-20
Let t = 6 + 11. Let m = t - 12. Let y(h) = 3*h + 0*h + m*h - 9*h. What is y(-2)?
2
Suppose -5*z = -15*z - 100. Let m be 2/z - (-38)/(-10). Let x(i) = -i**2 - 2*i + 4. Calculate x(m).
-4
Let s(v) = -14*v - 94. Let z be s(-6). Let o(u) = u**2 + 6*u - 23. Give o(z).
17
Let a(w) = -61 - 67 - 8*w + 42. Let d be a(-10). Let k(n) = -n**2 - 5*n + 13. Give k(d).
7
Let w(h) be the second derivative of 5*h**4/4 - h**3/6 + h**2/2 - 6016*h. Give w(2).
59
Let l(b) be the third derivative of -b**5/60 - b**4/6 + b**3/6 + 26*b**2 + 40. Calculate l(-5).
-4
Let t(c) = -5*c - 29. Let k be t(-6). Let v(h) = 1. Let o(q) = 2*q - 17. Let w(l) = k*o(l) + 2*v(l). Let f be w(4). Let a(p) = -p**2 - 8*p. C